 1100. Suppose -c - 358 = -z. Is c prime?
True
Let v = 15819 + -2602. Is v composite?
False
Let q(u) = u**2 - 17*u + 33. Let b be q(14). Is (-3)/(((-27)/(-118))/b) a prime number?
False
Suppose 2*b - 3*n - 19787 = 0, 4*b - 2*n - 39594 = -0*b. Is b a prime number?
True
Let g(h) = 3*h**2 + 67*h - 55. Is g(-48) a prime number?
False
Let m be (-111)/(-12) - (30/(-8))/5. Suppose -20923 + 113 = -m*a. Is a a prime number?
True
Suppose -t + 24 = 2*t. Suppose -t*h + 2*h = -5478. Is h prime?
False
Suppose 9*n + 50 = 14*n. Suppose 5*w = 2*m - 71, -2*w - n - 124 = -4*m. Is m a prime number?
False
Let b(r) = -r**3 + 10*r**2 + 11*r + 5. Let t be b(11). Let j(s) = -8*s**3 + 4*s**2 - 4. Let o be j(t). Is (o/(-16))/((-1)/(-2)) composite?
False
Suppose -5*x + 2*a - 7*a - 1265 = 0, 500 = -2*x + a. Suppose -h = 77 + 395. Let w = x - h. Is w a composite number?
True
Let m(p) = -5670*p - 41. Is m(-2) prime?
True
Let p = 71 - 68. Is p/(-12)*(-24152)/2 a composite number?
False
Let q(n) = n**2 - 24*n + 58. Let c be q(21). Let m = -12 + 4. Is m/(-20) - 4883/c composite?
False
Suppose 38 = 2*t + u, -4*u + 5*u - 20 = -t. Suppose 2*p + 3248 = t*p. Is p a prime number?
False
Suppose 3*d - 163629 = -3*t, -t - 10*d + 54535 = -11*d. Is t a prime number?
True
Suppose -c = -5 + 2. Let r be (21 + 0)*(-2 + c). Suppose r + 5 = p. Is p a composite number?
True
Let r be 8/20*60/6. Is (r - 3) + 80 - 2 a composite number?
False
Let m(b) = 2*b**2 - 16*b + 3. Let p be m(8). Suppose -4*c = -n + 56, -6*n + p*c = -2*n - 263. Let t = 289 - n. Is t a composite number?
True
Suppose 0 = m + 3*m + h + 1129, 0 = h + 1. Let w = -153 - m. Let d = w - -20. Is d composite?
False
Let q(r) = -186*r + 10. Is q(-2) a prime number?
False
Suppose -4*i = 5*q - 32715, 2*q + 0*i + i - 13089 = 0. Is q a composite number?
False
Suppose v - 6*v = 3*h - 62198, 0 = 2*v - 3*h - 24875. Is v a composite number?
True
Suppose -87673 = -27*z + 367412. Is z prime?
False
Let o(k) = 15*k**2 + 46*k - 509. Is o(24) a composite number?
True
Is (-3)/(-4 + (-153044)/(-38264)) a prime number?
False
Suppose 0 = 5*d - 2019 - 856. Suppose d = 3*g - 4*n, 2*g = g - 3*n + 170. Is g a composite number?
True
Let x(v) = 99*v - 17. Let l be x(5). Let p = l + -321. Is p a composite number?
False
Let k(c) = 22*c**2 - 4*c + 5. Suppose -2*n - 5*t = -3*n - 5, 0 = -4*n + 4*t - 20. Let v be k(n). Is -1 + (v - 2/2) a prime number?
False
Let u(z) be the first derivative of z**3/3 + 4*z**2 + 14*z - 7. Is u(8) composite?
True
Suppose g + 2398 = 5*n, 0 = -2*n - 37*g + 33*g + 946. Is n a composite number?
False
Let d = 8 + -10. Let l = d + 10. Let w = l - -5. Is w prime?
True
Suppose 3*c - 13 = -7. Suppose -5*a + 2149 = c*a. Is a composite?
False
Suppose -13 + 3 = -5*v. Let c be (v - 28) + 0 + 2. Is 3/c*106*-4 composite?
False
Is (2 + -7164)*2/(-4) composite?
False
Suppose -4*b - 4*m = -24, 26 = b + 5*m - 0*m. Let d(y) = 1417*y**3 + y**2 - y. Is d(b) prime?
False
Suppose q = -4*q - 10, 5*t + 2*q - 10771 = 0. Is t a composite number?
True
Let g(h) = -28*h**2 + 5*h + 8. Let l(q) = 29*q**2 - 6*q - 7. Let r(d) = -6*g(d) - 5*l(d). Is r(4) a prime number?
False
Let k(l) = -194*l - 1. Let g be k(-2). Suppose -i + g = -340. Let j = i - 490. Is j a composite number?
True
Suppose 3*s = 4*a + 2557, 2466 = 5*s + 5*a - 1854. Is s prime?
True
Suppose -p - 100 + 104 = 0. Suppose -n - q + 2671 = p*q, 2*n - 5370 = 4*q. Is n a prime number?
False
Let x be -7 + (-2 - 0 - 2). Let u(j) = 3*j**2 - 11*j + 11. Let h be u(x). Suppose m - g = h, -2*g - 1002 = -2*m - 3*g. Is m a prime number?
True
Suppose 0 = 3*w - 9*w + 5352. Suppose w = -r + 3779. Is r composite?
False
Let n(q) = 4*q**2 - 3*q - 5. Let m be n(3). Let f = -1 - -4. Suppose 0 = t - 1, 0 = -f*d - 4*t - 0*t + m. Is d a composite number?
True
Suppose 136 = p - 753. Is p a prime number?
False
Let j be (6/12)/((-2)/(-12)). Suppose -j*q = -q + 22. Is 38/8*(-44)/q composite?
False
Let x(c) = 4*c**3 + 3*c**2 - 3*c + 2. Let a(i) = -i**3 - 1. Let v(l) = -3*a(l) - x(l). Let j be v(-4). Suppose -j*r + 138 = -3*r. Is r a prime number?
False
Is (29/87)/(2/80286) a prime number?
True
Suppose -3*x - 9770 + 1552 = -4*d, -d + 5*x + 2063 = 0. Is d a prime number?
True
Suppose -4*t - t + 20 = 0. Let o be t/20 + (-3596)/(-20). Let k = 277 - o. Is k a prime number?
True
Let w(s) = -19*s**3 - 19*s**2 + 10*s - 3. Let g be w(-9). Let j = g - 6914. Is j a prime number?
False
Suppose 7*f - 12 = 4*f. Suppose 2*r = 3*k - 3064, 0*k = -3*k - f*r + 3034. Let z = k - 629. Is z a composite number?
False
Let i(f) = -7 + 16 - 10*f - 4 - 2. Suppose -33 = 3*v - 4*r + r, -v + 3*r = 13. Is i(v) composite?
False
Suppose -3*p + 4*p - 1015 = 0. Suppose -387 = -2*q + p. Is q composite?
False
Is 3413*-1*(2 - (10 + -7)) a prime number?
True
Let a = 923 + 593. Suppose o + a = 3*o. Is o a composite number?
True
Let u(k) = 151*k - 9. Let p be u(4). Suppose 3*z - p = -4*z. Is z a composite number?
True
Let u(x) = -108*x - 29. Is u(-25) a composite number?
False
Let y be 5022/10 - (-3)/(-15). Let p = y - -287. Is p a composite number?
True
Let b = 1288 + -737. Let d = 4 + 0. Suppose -b = -d*o + 309. Is o a prime number?
False
Let b(v) = 3*v - 19. Let l be b(8). Let w be (l + 46)*(-5 - 0). Is (1 - w) + (-3 - -4) composite?
False
Let z(c) = 99*c**3 + 7*c**2 - 6*c + 5. Let s be z(5). Suppose -4*t = f - 2*f - 2520, 5*f = -5*t - s. Is (-2)/6 - f/18 prime?
True
Let k(n) = -12*n - 16. Let s be k(-12). Let q = -292 + s. Let b = q + 387. Is b a prime number?
True
Let t be 15/(-10)*(-124)/(-6). Let w = 24 + t. Let d(c) = -19*c - 6. Is d(w) prime?
True
Let s = 37400 + -12787. Is s a prime number?
False
Suppose -6 = -5*u - 1. Suppose -2*s + 0*o - 3*o - 7 = 0, -s - u = o. Suppose 534 = g - 5*v, -s*v = -g - 3*v + 550. Is g composite?
True
Let j = 109 - 187. Is (0 - 662/6)*j/26 composite?
False
Let k(w) be the first derivative of w**4/4 + 7*w**3/3 - 7*w**2/2 + 10*w + 4. Let f be k(-8). Suppose -4*t + f*t + 494 = -4*q, -4*q = -4*t + 996. Is t prime?
True
Let j(o) = 4*o**2 - 8*o - 7. Let w be j(-7). Suppose w = 2*z - 197. Is z prime?
False
Let o(h) = -2*h**3 - 16*h**2 - 20*h - 7. Let a be o(-8). Let c = a + 146. Is c a composite number?
True
Let q(i) = 1 + i**2 + 0*i**3 + i**3 - 4*i**2 - 3*i**2. Let m be q(6). Is 3/3 - (-49 + m) prime?
False
Is (320/(-30) - (-1)/(-3))*-677 a composite number?
True
Suppose 23733 = 5*s + 3*a + 5548, -14548 = -4*s + 3*a. Is s a prime number?
True
Let w = -5 - -8. Let x(b) = -2*b**2 + b - 1. Let l(z) = 38*z**2 + 8*z - 5. Let n(a) = l(a) - 3*x(a). Is n(w) a prime number?
True
Suppose -4*q = 5*b - 111912, 2*q - b - 31735 = 24235. Is q a prime number?
True
Let m(t) = t**2 - 5*t + 34321. Is m(0) a composite number?
True
Suppose 38*z = 26*z + 77052. Is z a prime number?
True
Suppose 0 = 5*p + 4*q + 679, 2*q + 131 = -p - 0*p. Let u = p + 336. Let v = -114 + u. Is v composite?
False
Let b = -26 + 30. Suppose 5*k = 3*m + 1620, 2*k - 632 = 2*m - b*m. Is k a composite number?
True
Suppose 0 = 4*t - i - 1043, -4*t - 2*i + 1047 = i. Suppose -64 = c + 2*f - 305, 2*f + t = c. Is c a composite number?
False
Suppose 8585 = 2*p - 5*k - 16637, k + 63055 = 5*p. Is p a composite number?
False
Let r(f) = f**2 + 8*f + 7. Let q be r(-7). Suppose 5*k + m - 10764 = q, 0 = 4*k - 0*k - 4*m - 8616. Is k a prime number?
True
Suppose o + 3*r = 890 + 3425, 4*o + 5*r - 17274 = 0. Is o a composite number?
True
Let k(l) = -7*l - 6 + 3*l**2 + 2*l**2 + 5 - 6*l**2. Let q be k(-6). Suppose 5*a - 4*a - 39 = -q*f, 4*f - 20 = 0. Is a a prime number?
False
Suppose a - 5*a + 11412 = 0. Suppose -27*i = -24*i - a. Is i a prime number?
False
Let v = 489 + -172. Is v prime?
True
Let p(y) be the third derivative of -y**6/120 - 7*y**5/30 - y**3/3 - 4*y**2. Let f be p(-14). Is f*1 - (-1 + -119) a composite number?
True
Suppose 5*q + 36 = -3*j, -j - 32 = 4*q - 13. Let t(d) = d**3 + 9*d**2 - 8*d. Let b be t(j). Let y = -27 + b. Is y composite?
False
Let i(j) = 12*j**2 - 1. Let f be i(1). Suppose -5*w = -42 - 38. Suppose -w*s + f*s = -2605. Is s a composite number?
False
Let f be ((-3)/9)/((-3)/9). Let r = 8 + f. Is (3/r)/(3/819) a prime number?
False
Is (1 - -6)*374597/469 a prime number?
True
Suppose 74 = -53*g + 55*g. Suppose 35*r = g*r - 2506. Is r a composite number?
True
Let u(f) = -8*f + 